ermine y(-134).
-12
Let i(q) = 748*q - 112943. What is i(151)?
5
Let f(l) = -7*l**3 - 216*l**2 - 1261*l - 77. Determine f(-23).
-169
Let o(v) = -v**3 - 6242*v**2 + 18337*v + 1193. What is o(3)?
-1
Let t(p) = -p**3 + 30*p**2 + 2463*p - 75451. Give t(31).
-59
Let o(x) = 2798*x - 8389. Calculate o(3).
5
Let t(h) = -198*h + 1363. Calculate t(7).
-23
Let r(t) = -8*t**3 - 9576*t**2 - 12*t - 14370. What is r(-1197)?
-6
Let x(l) = -2*l**3 + 25*l**2 + 161*l - 1925. Calculate x(13).
-1
Let c(q) = q**2 - 409*q + 28647. Determine c(318).
-291
Let o(h) = -761*h + 17238. Calculate o(23).
-265
Let q(m) = 84470*m - 844669. Calculate q(10).
31
Let w(m) = 1959*m**3 + 5*m**2 - 18*m + 18. Determine w(1).
1964
Let i(l) = 6*l**2 + 1163*l - 44900. Calculate i(33).
13
Let j(z) = 3*z**2 + 22*z + 133. Give j(-16).
549
Let v(u) = -u**3 - 155*u**2 - 4448*u - 70. Give v(-38).
6
Let r(z) = -9*z**3 - 202*z**2 - 90*z - 41. Give r(-22).
3
Let y(m) = 2*m**2 - 28678*m + 143338. What is y(5)?
-2
Let r(c) = 3*c**3 + 135*c**2 + 2644*c + 119003. Determine r(-45).
23
Let p(x) = 2*x**3 + 360*x**2 - 21337*x - 126. What is p(47)?
-79
Let d(t) = -3*t**3 + 16*t**2 + 33*t - 150. What is d(4)?
46
Let s(n) = n**2 + 6060*n - 201135. What is s(33)?
-66
Let k(l) = -58490*l + 31175169. What is k(533)?
-1
Let z(w) = 4*w**3 + 1051*w**2 + 779*w - 1432. What is z(-262)?
402
Let p(u) = -62*u**2 + 959*u - 370. Determine p(15).
65
Let q(j) = 118*j**2 + 4358*j - 4738. What is q(-38)?
50
Let o(n) = 55*n**2 - 1431*n + 77. Calculate o(26).
51
Let k(d) = 80*d**3 - 481*d**2 + 104*d - 540. Determine k(6).
48
Let n(a) = 3645*a + 87541. What is n(-24)?
61
Let u(d) = -16*d + 1869. Determine u(-25).
2269
Let y(a) = -2*a**3 + 261*a**2 + 5025*a + 15. Calculate y(-17).
-155
Let j(m) = 145421*m + 2035844. Determine j(-14).
-50
Let o(g) = 2*g**3 + 12*g**2 - 63*g - 567. Determine o(-6).
-189
Let u(z) = 6250*z - 12539. Determine u(2).
-39
Let l(k) = 138*k**2 + 2580*k - 3606. Determine l(-20).
-6
Let j(u) = 60*u**2 - 579*u + 48. Determine j(9).
-303
Let x(k) = 208*k + 962. Calculate x(-4).
130
Let n(k) = -845*k - 5501. What is n(-5)?
-1276
Let y(x) = 690*x**2 + 32431*x + 67. Determine y(-47).
20
Let m(y) = 23*y**2 - 270*y - 2548. Determine m(18).
44
Let t(n) = 11113*n + 16957. Calculate t(-2).
-5269
Let t(o) = 35*o + 599. Determine t(-1).
564
Let i(v) = -v**2 + 151*v + 6847. Calculate i(-36).
115
Let d(t) = -3*t**2 - 60089*t - 300418. Give d(-5).
-48
Let i(t) = -26*t**3 + 13438*t**2 + 2057*t + 5728. What is i(517)?
41
Let m(u) = -1623*u + 2390671. What is m(1473)?
-8
Let j(z) = z**2 - 8356*z + 124. Calculate j(0).
124
Let w(l) = -2*l**2 + 160*l - 3306. Give w(39).
-108
Let v(o) = -27*o**2 + 461*o + 113. Determine v(16).
577
Let m(l) = -110*l - 4983. Determine m(-40).
-583
Let w(d) = 3*d**2 + 5595*d + 1259925. Determine w(-262).
-33
Let j(a) = 2029*a + 32237. What is j(-16)?
-227
Let w(u) = -32*u**2 - 106*u - 504. Calculate w(-6).
-1020
Let v(b) = -b**3 - 171*b**2 + 1085*b + 2. Determine v(6).
140
Let p(m) = -m**3 + 300*m**2 + 2433*m - 15. Determine p(-8).
233
Let l(q) = -3*q**3 - 187*q**2 + 138*q + 511. Determine l(-63).
-245
Let h(t) = 118*t - 8792. Determine h(77).
294
Let x(n) = n**2 + 12790*n + 280952. Calculate x(-22).
56
Let h(f) = -87*f - 2143. Calculate h(-31).
554
Let k(n) = -8347*n - 2028370. Determine k(-243).
-49
Let d(m) = 60*m + 19121. Determine d(-295).
1421
Let v(i) = -2*i**3 - 26*i**2 - 68*i + 393. Give v(-5).
333
Let j(n) = -3973*n + 27830. What is j(7)?
19
Let q(m) = 5*m**3 + 21*m**2 - 82*m + 92. What is q(-6)?
260
Let v(q) = 39*q**3 + 3665*q**2 - 86*q + 777. What is v(-94)?
25
Let o(m) = -4*m**3 - 255*m**2 + 76*m + 1632. What is o(-64)?
864
Let o(l) = 25838*l - 154976. Determine o(6).
52
Let k(z) = -z**3 + 26*z**2 + 19*z - 92. Give k(26).
402
Let y(w) = -1634016*w + 1634011. Determine y(1).
-5
Let n(f) = -24*f**2 - 1469*f + 8840. What is n(6)?
-838
Let a(o) = -80758*o - 1210951. What is a(-15)?
419
Let p(t) = -115560*t - 24729845. Give p(-214).
-5
Let o(c) = 4442*c - 111177. Give o(25).
-127
Let x(s) = -19412*s + 601772. Calculate x(31).
0
Let d(p) = -26*p**3 - 39*p**2 - 37*p - 50. Calculate d(-2).
76
Let v(m) = -3802*m - 3344. Calculate v(-1).
458
Let g(n) = -8630*n - 34587. Give g(-4).
-67
Let y(g) = -4*g**3 - 84*g**2 + 5*g + 59. Determine y(-21).
-46
Let t(c) = -8*c**2 + 187*c + 2550. Determine t(33).
9
Let w(g) = 46817*g + 47161. Determine w(-1).
344
Let x(y) = -24255*y - 17948694. What is x(-740)?
6
Let s(l) = -1597*l + 116590. What is s(73)?
9
Let r(z) = -z**3 + 14*z**2 + 328*z - 3969. Give r(11).
2
Let x(v) = -3*v**2 + 2076*v + 123223. Give x(-55).
-32
Let w(b) = 40*b**2 + 116*b - 227. Give w(2).
165
Let g(j) = -4*j**3 - 232*j**2 + 258*j + 1305. What is g(-59)?
7
Let a(b) = 1146*b - 85291. Determine a(74).
-487
Let r(o) = -4*o**2 + 72036*o + 2526162. Calculate r(-35).
2
Let n(h) = h**3 + 24*h**2 - 1003*h - 4368. Calculate n(-4).
-36
Let i(y) = y**3 - 301*y**2 - 1410*y - 36734. Calculate i(306).
-14
Let u(q) = -51*q + 12579. Give u(244).
135
Let y(g) = -1700*g + 394448. Determine y(232).
48
Let q(u) = -36*u**2 - 17217*u - 4420. Determine q(-478).
-118
Let o(i) = -14*i**3 + 53*i**2 + 10*i - 196. Give o(-2).
108
Let l(i) = -2*i**3 + 62*i**2 + 91*i - 277. Determine l(33).
-1630
Let r(n) = -137859*n - 10753010. Give r(-78).
-8
Let w(k) = 3728133*k - 22368797. What is w(6)?
1
Let y(v) = 2*v**3 + 364*v**2 - 374*v - 1325. What is y(-183)?
139
Let v(d) = -3*d**2 - 79*d - 495. What is v(-6)?
-129
Let s(l) = 12084*l**3 - 24160*l**2 - 13*l + 6. What is s(2)?
12
Let t(s) = 11*s**3 + 106*s**2 + 216*s - 1. Calculate t(-3).
8
Let v(i) = -195*i**2 - 15405*i + 55. Calculate v(-79).
55
Let u(d) = -d**2 - 472*d + 242424. What is u(310)?
4
Let t(l) = -7*l**2 - 10355*l - 10358. Calculate t(-1).
-10
Let t(y) = -y**3 - 26*y**2 + 55*y + 830. What is t(-5)?
30
Let f(r) = -56189*r + 1348526. Give f(24).
-10
Let d(z) = 91*z**3 + 460*z**2 - 10*z - 3. Give d(-5).
172
Let q(u) = -3*u**2 + 274*u + 4735. Calculate q(121).
-6034
Let r(b) = -4*b**2 + 1082*b - 44092. What is r(50)?
8
Let o(p) = -595*p + 64132. Determine o(105).
1657
Let j(h) = -4582*h - 2180990. Determine j(-476).
42
Let s(v) = -14*v**2 - 397*v - 102. Give s(-28).
38
Let o(k) = k**2 + 173*k - 1203. What is o(-151)?
-4525
Let i(u) = -4*u**2 - 121*u - 144. Give i(-40).
-1704
Let n(z) = 12777*z - 76654. Calculate n(6).
8
Let r(n) = 33*n**3 + 44*n**2 - 128*n - 269. What is r(-2)?
-101
Let x(m) = -1494*m - 112960. Calculate x(-76).
584
Let c(u) = -u**2 - 2140*u - 25430. What is c(-12)?
106
Let a(x) = x**3 - 460*x**2 - 179426*x + 1305. What is a(712)?
-119
Let z(t) = -75*t + 36998. Give z(491).
173
Let k(p) = -612*p - 72261. Calculate k(-118).
-45
Let r(y) = -451*y + 67972. Calculate r(151).
-129
Let w(q) = 26012*q - 390237. Calculate w(15).
-57
Let f(k) = 192*k**2 - 2794*k + 2797. Give f(1).
195
Let w(x) = 31*x**2 - 662*x - 3900. Calculate w(-6).
1188
Let g(d) = 4*d**3 + 63*d**2 - 384*d - 5882. Calculate g(-16).
6
Let h(o) = -518*o + 31062. What is h(60)?
-18
Let h(y) = 10249*y**2 + 30757*y + 33. Give h(-3).
3
Let l(a) = 57*a**3 + 239*a**2 - 959*a + 4. Determine l(4).
3640
Let f(k) = -108296*k - 1299560. Give f(-12).
-8
Let w(q) = -12*q**2 - 1652*q - 11653. Calculate w(-7).
-677
Let a(u) = 76*u + 3120. What is a(-45)?
-300
Let n(u) = -465*u**2 + 120437*u - 465. Give n(259).
53
Let y(c) = 6885*c - 392427. Calculate y(57).
18
Let f(z) = z**2 - 514*z - 10650. What is f(-20)?
30
Let d(k) = 207*k + 10813. Give d(-51).
256
Let s(g) = -235*g**3 - 73324*g**2 - 1239*g + 2800. Calculate s(-312).
-8
Let a(w) = 12*w**2 - 1166*w - 1508. What is a(98)?
-528
Let j(m) = -213*m - 8405. Calculate j(-36).
-737
Let k(b) = 7343*b**2 + 1512654*b - 818. Give k(-206).
6
Let t(s) = 150*s**2 - 65135*s - 50030. Determine t(435).
-5
Let f(x) = -8273*x + 30001. Calculate f(4).
-3091
Let f(y) = -3*y**3 + 9*y**2 + 4074*y - 12222. Give f(3).
0
Let a(o) = 8697*o - 17822. What is a(2)?
-428
Let u(i) = -i**2 - 1513*i - 10467. Calculate u(-7).
75
Let g(z) = 5055*z + 3583991. Determine g(-709).
-4
Let p(q) = q**3 + 233*q**2 + 11313*q - 442. Calculate p(-164).
50
Let l(n) = -n**3 - 81*n**2 - 303*n - 5388. What is l(-78)?
-6
Let p(w) = -208180*w + 208178. Calculate p(1).
-2
Let z(b) = 15*b**3 + 60*b*